{"id":1519,"date":"2019-11-01T12:48:25","date_gmt":"2019-11-01T10:48:25","guid":{"rendered":"http:\/\/tahtisirkus.fi\/?page_id=1519"},"modified":"2026-01-08T19:11:10","modified_gmt":"2026-01-08T17:11:10","slug":"sirkussynttarit","status":"publish","type":"page","link":"https:\/\/tahtisirkus.fi\/?page_id=1519","title":{"rendered":"SIRKUSSYNTT\u00c4RIT"},"content":{"rendered":"\n<p>Sirkussyntt\u00e4reiden tilavuokran kesto on ehdotuksemme mukaan 3h, joista 1h on osaavan sirkusopettajan pit\u00e4m\u00e4 sirkusty\u00f6paja. Sirkussyntt\u00e4reiden vietto meill\u00e4 onnistuu siten, ett\u00e4 j\u00e4rjest\u00e4v\u00e4 perhe itse hoitaa mahdollisen koristelun, kattauksen, leikit yms, sek\u00e4 siivouksen. Sirkuskoulu tarjoaa siis  syntt\u00e4reille ohjatun sirkusty\u00f6pajan sek\u00e4 tilan syntt\u00e4reiden j\u00e4rjest\u00e4miseen. Kaiken j\u00e4rjestelyn sek\u00e4 juhlimisen t\u00e4ytyy sis\u00e4lty\u00e4 t\u00e4h\u00e4n kolmen tunnin vuokra-aikaan, my\u00f6s siivouksen. Voit kuitenkin itse p\u00e4\u00e4tt\u00e4\u00e4, miten haluat tuon 3 tuntia jakaa. Haluatko k\u00e4ytt\u00e4\u00e4 aluksi aikaa koristeluun rauhassa ennen vieraiden saapumista, vai kutsutko kaikki paikalle heti vuokra-ajan alkaessa ja koristelet tilan vieraiden ollessa ty\u00f6pajassa? Ent\u00e4 tarvitsetko lopuksi rauhallista aikaa siivoukselle, vai siivoiletko samalla kun vieraat viel\u00e4 ovat paikalla? T\u00e4ss\u00e4 yksi esimerkki, miten ajan voi jakaa:<\/p>\n\n\n\n<p><em>On sovittu, ett\u00e4 tilavuokra alkaa klo 11.30 jolloin j\u00e4rjest\u00e4v\u00e4 perhe kattaa ja koristelee tilaa. Vieraat on kutsuttu paikalle klo 12 ja sirkussyntt\u00e4rit starttaavat sirkusty\u00f6pajalla. Ty\u00f6pajan aikana syntt\u00e4risankarin vanhemmat voivat tarvittaessa koristella ja kattaa viel\u00e4 aulassa sijaitsevaa p\u00f6yt\u00e4\u00e4. Klo 13 ty\u00f6paja p\u00e4\u00e4ttyy ja syntt\u00e4rivieraat sek\u00e4 sankari p\u00e4\u00e4sev\u00e4t juhlimaan perheen \/ j\u00e4rjest\u00e4j\u00e4n itse suunnittelemaa ohjelmaa. Ohljelma voi sis\u00e4lt\u00e4\u00e4 perinteisi\u00e4 syntt\u00e4riherkkuja ja kakkua, tai halutessanne voitte j\u00e4rjest\u00e4\u00e4 my\u00f6s jotain aivan muuta toimintaa, ja esimerkiksi isompia leikkej\u00e4 varten k\u00e4yt\u00f6ss\u00e4nne on my\u00f6s sirkussalit. Huomioikaa kuitenkin, ett\u00e4 sirkussaleihin ei saa vied\u00e4 ruokaa eik\u00e4 juomaa, ja sirkusv\u00e4lineit\u00e4 k\u00e4ytet\u00e4\u00e4n ainoastaan sirkusty\u00f6pajan aikana, ei en\u00e4\u00e4 sen j\u00e4lkeen. Juhlat kest\u00e4v\u00e4t klo 14 saakka, jolloin vieraille on kutsuttu kyydit ja j\u00e4rjest\u00e4v\u00e4lle perheelle j\u00e4\u00e4 aikaa aina 14.30 saakka siivota tila.<\/em><\/p>\n\n\n\n<p><strong>Sirkussyntt\u00e4reiden ohjeita, s\u00e4\u00e4nt\u00f6j\u00e4 ja hinnat:<\/strong><\/p>\n\n\n\n<p>&#8211; Hinnat alkaen 195\u20ac (max 10 osallistujaa ty\u00f6pajassa) ja 235\u20ac (max 20 osallistujaa ty\u00f6pajassa)<\/p>\n\n\n\n<p>&#8211; Hattara- ja popkornit sovittaessa lis\u00e4hintaan (hinnat alkaen +50\u20ac, riippuen tarjoilujen koosta)<\/p>\n\n\n\n<p>&#8211; Asiakkaana olet itse vastuussa<strong> ruoka ja juomatarjoilusta<\/strong>. Sirkuskoulu ei j\u00e4rjest\u00e4 syntt\u00e4reille ruoka- tai juomatarjoiluja. Vett\u00e4 saa toki sirkuksen keitti\u00f6n vesipisteest\u00e4.<\/p>\n\n\n\n<p>&#8211; Sirkuskoululla k\u00e4yt\u00f6ss\u00e4 on p\u00f6yt\u00e4 (10-12 hl\u00f6), tuolit ja jakkaroita. Mik\u00e4li teill\u00e4 on tarve isommalle p\u00f6yd\u00e4lle, voidaan t\u00e4st\u00e4 sopia erikseen. Lis\u00e4ksi tilassa saa k\u00e4ytt\u00e4\u00e4 kahvinkeitint\u00e4 ja vedenkeitint\u00e4.<\/p>\n\n\n\n<p>&#8211; Kaikki j\u00e4rjestelyt ja siivous t\u00e4ytyy hoitua syntt\u00e4reille varatussa kolmessa tunnissa. Mik\u00e4li t\u00e4m\u00e4 tuntuu lyhyelt\u00e4 ajalta, voit vuokrata lis\u00e4tunteja hintaan 60\u20ac\/h. Lis\u00e4tunti pit\u00e4\u00e4 kuitenkin varata ennakkoon.<\/p>\n\n\n\n<p>&#8211; Sirkusty\u00f6pajan osallistujam\u00e4\u00e4r\u00e4t takaavat mukavan, turvallisen ja laadukkaan sirkusty\u00f6pajan kaikille. Jos osallistujam\u00e4\u00e4r\u00e4 ylitt\u00e4\u00e4 10 hl\u00f6, otamme ty\u00f6pajaan mukaan kaksi opettajaa. Sirkusopettajien ohjeita t\u00e4ytyy noudattaa, jotta kaikkien turvallisuus voidaan taata. Mik\u00e4li ohjeiden kuunteleminen ei onnistu, on sirkusopettajalla oikeus est\u00e4\u00e4 henkil\u00f6n osallistuminen. Mik\u00e4li ajatuksenanne on j\u00e4rjest\u00e4\u00e4 mega-kokoiset syntt\u00e4rit, joihin haluaisitte kutsua isomman m\u00e4\u00e4r\u00e4\u00e4n vieraita, voidaan t\u00e4st\u00e4kin neuvotella ennakkoon, ja ty\u00f6pajan luonne muuttuu t\u00e4ss\u00e4 tapauksessa hieman erilaiseksi (pop in \u2013 pop out -tyyli).<\/p>\n\n\n\n<figure class=\"wp-block-image\"><img decoding=\"async\" src=\"https:\/\/ssl.gstatic.com\/ui\/v1\/icons\/mail\/images\/cleardot.gif\" alt=\"\"\/><\/figure>\n\n\n\n<p><\/p>\n","protected":false},"excerpt":{"rendered":"<p>Sirkussyntt\u00e4reiden tilavuokran kesto on ehdotuksemme mukaan 3h, joista 1h on osaavan sirkusopettajan pit\u00e4m\u00e4 sirkusty\u00f6paja. Sirkussyntt\u00e4reiden vietto meill\u00e4 onnistuu siten, ett\u00e4 j\u00e4rjest\u00e4v\u00e4 perhe itse hoitaa mahdollisen koristelun, kattauksen, leikit yms, sek\u00e4 siivouksen. Sirkuskoulu tarjoaa siis syntt\u00e4reille ohjatun sirkusty\u00f6pajan sek\u00e4 tilan syntt\u00e4reiden j\u00e4rjest\u00e4miseen. Kaiken j\u00e4rjestelyn sek\u00e4 juhlimisen t\u00e4ytyy sis\u00e4lty\u00e4 t\u00e4h\u00e4n kolmen tunnin vuokra-aikaan, my\u00f6s siivouksen. Voit kuitenkin [&hellip;]<\/p>\n","protected":false},"author":1,"featured_media":0,"parent":0,"menu_order":0,"comment_status":"closed","ping_status":"closed","template":"","meta":{"footnotes":""},"class_list":["post-1519","page","type-page","status-publish","hentry"],"_links":{"self":[{"href":"https:\/\/tahtisirkus.fi\/index.php?rest_route=\/wp\/v2\/pages\/1519","targetHints":{"allow":["GET"]}}],"collection":[{"href":"https:\/\/tahtisirkus.fi\/index.php?rest_route=\/wp\/v2\/pages"}],"about":[{"href":"https:\/\/tahtisirkus.fi\/index.php?rest_route=\/wp\/v2\/types\/page"}],"author":[{"embeddable":true,"href":"https:\/\/tahtisirkus.fi\/index.php?rest_route=\/wp\/v2\/users\/1"}],"replies":[{"embeddable":true,"href":"https:\/\/tahtisirkus.fi\/index.php?rest_route=%2Fwp%2Fv2%2Fcomments&post=1519"}],"version-history":[{"count":4,"href":"https:\/\/tahtisirkus.fi\/index.php?rest_route=\/wp\/v2\/pages\/1519\/revisions"}],"predecessor-version":[{"id":3638,"href":"https:\/\/tahtisirkus.fi\/index.php?rest_route=\/wp\/v2\/pages\/1519\/revisions\/3638"}],"wp:attachment":[{"href":"https:\/\/tahtisirkus.fi\/index.php?rest_route=%2Fwp%2Fv2%2Fmedia&parent=1519"}],"curies":[{"name":"wp","href":"https:\/\/api.w.org\/{rel}","templated":true}]}}